{"id":3784,"date":"2022-06-21T12:18:53","date_gmt":"2022-06-21T12:18:53","guid":{"rendered":"https:\/\/kronos-art.com\/bcn\/?page_id=3784"},"modified":"2022-07-05T17:16:51","modified_gmt":"2022-07-05T17:16:51","slug":"edition-2022","status":"publish","type":"page","link":"https:\/\/kronos-art.com\/bcn\/edition-2022\/","title":{"rendered":"2022"},"content":{"rendered":"","protected":false},"excerpt":{"rendered":"","protected":false},"author":1,"featured_media":0,"parent":0,"menu_order":0,"comment_status":"closed","ping_status":"closed","template":"page-presskit.php","meta":{"_acf_changed":false,"footnotes":""},"class_list":["post-3784","page","type-page","status-publish","hentry"],"acf":[],"yoast_head":"<!-- This site is optimized with the Yoast SEO plugin v27.3 - https:\/\/yoast.com\/product\/yoast-seo-wordpress\/ -->\n<title>Kronos Art 2022 Festival Internacional de Arte Contempor\u00e1neo y Ben\u00e9fico<\/title>\n<meta name=\"description\" content=\"Kronos Art BCN - Festival Internacional de Arte Contempor\u00e1neo y Ben\u00e9fico de Barcelona. Del 17 al 25 de septiembre de 2022 en Palau Robert\" \/>\n<meta name=\"robots\" content=\"index, follow, max-snippet:-1, max-image-preview:large, max-video-preview:-1\" \/>\n<link rel=\"canonical\" href=\"https:\/\/kronos-art.com\/bcn\/edition-2022\/\" \/>\n<meta property=\"og:locale\" content=\"es_ES\" \/>\n<meta property=\"og:type\" content=\"article\" \/>\n<meta property=\"og:title\" content=\"Kronos Art 2022 Festival Internacional de Arte Contempor\u00e1neo y Ben\u00e9fico\" \/>\n<meta property=\"og:description\" content=\"Kronos Art BCN - Festival Internacional de Arte Contempor\u00e1neo y Ben\u00e9fico de Barcelona. Del 17 al 25 de septiembre de 2022 en Palau Robert\" \/>\n<meta property=\"og:url\" content=\"https:\/\/kronos-art.com\/bcn\/edition-2022\/\" \/>\n<meta property=\"og:site_name\" content=\"Kronos Art\" \/>\n<meta property=\"article:modified_time\" content=\"2022-07-05T17:16:51+00:00\" \/>\n<meta name=\"twitter:card\" content=\"summary_large_image\" \/>\n<script type=\"application\/ld+json\" class=\"yoast-schema-graph\">{\"@context\":\"https:\\\/\\\/schema.org\",\"@graph\":[{\"@type\":\"WebPage\",\"@id\":\"https:\\\/\\\/kronos-art.com\\\/bcn\\\/edition-2022\\\/\",\"url\":\"https:\\\/\\\/kronos-art.com\\\/bcn\\\/edition-2022\\\/\",\"name\":\"Kronos Art 2022 Festival Internacional de Arte Contempor\u00e1neo y Ben\u00e9fico\",\"isPartOf\":{\"@id\":\"https:\\\/\\\/kronos-art.com\\\/bcn\\\/#website\"},\"datePublished\":\"2022-06-21T12:18:53+00:00\",\"dateModified\":\"2022-07-05T17:16:51+00:00\",\"description\":\"Kronos Art BCN - Festival Internacional de Arte Contempor\u00e1neo y Ben\u00e9fico de Barcelona. Del 17 al 25 de septiembre de 2022 en Palau Robert\",\"breadcrumb\":{\"@id\":\"https:\\\/\\\/kronos-art.com\\\/bcn\\\/edition-2022\\\/#breadcrumb\"},\"inLanguage\":\"es\",\"potentialAction\":[{\"@type\":\"ReadAction\",\"target\":[\"https:\\\/\\\/kronos-art.com\\\/bcn\\\/edition-2022\\\/\"]}]},{\"@type\":\"BreadcrumbList\",\"@id\":\"https:\\\/\\\/kronos-art.com\\\/bcn\\\/edition-2022\\\/#breadcrumb\",\"itemListElement\":[{\"@type\":\"ListItem\",\"position\":1,\"name\":\"Home\",\"item\":\"https:\\\/\\\/kronos-art.com\\\/bcn\\\/\"},{\"@type\":\"ListItem\",\"position\":2,\"name\":\"2022\"}]},{\"@type\":\"WebSite\",\"@id\":\"https:\\\/\\\/kronos-art.com\\\/bcn\\\/#website\",\"url\":\"https:\\\/\\\/kronos-art.com\\\/bcn\\\/\",\"name\":\"Kronos Art\",\"description\":\"Festival multidisciplinar de arte contempor\u00e1neo\",\"potentialAction\":[{\"@type\":\"SearchAction\",\"target\":{\"@type\":\"EntryPoint\",\"urlTemplate\":\"https:\\\/\\\/kronos-art.com\\\/bcn\\\/?s={search_term_string}\"},\"query-input\":{\"@type\":\"PropertyValueSpecification\",\"valueRequired\":true,\"valueName\":\"search_term_string\"}}],\"inLanguage\":\"es\"}]}<\/script>\n<!-- \/ Yoast SEO plugin. -->","yoast_head_json":{"title":"Kronos Art 2022 Festival Internacional de Arte Contempor\u00e1neo y Ben\u00e9fico","description":"Kronos Art BCN - Festival Internacional de Arte Contempor\u00e1neo y Ben\u00e9fico de Barcelona. Del 17 al 25 de septiembre de 2022 en Palau Robert","robots":{"index":"index","follow":"follow","max-snippet":"max-snippet:-1","max-image-preview":"max-image-preview:large","max-video-preview":"max-video-preview:-1"},"canonical":"https:\/\/kronos-art.com\/bcn\/edition-2022\/","og_locale":"es_ES","og_type":"article","og_title":"Kronos Art 2022 Festival Internacional de Arte Contempor\u00e1neo y Ben\u00e9fico","og_description":"Kronos Art BCN - Festival Internacional de Arte Contempor\u00e1neo y Ben\u00e9fico de Barcelona. Del 17 al 25 de septiembre de 2022 en Palau Robert","og_url":"https:\/\/kronos-art.com\/bcn\/edition-2022\/","og_site_name":"Kronos Art","article_modified_time":"2022-07-05T17:16:51+00:00","twitter_card":"summary_large_image","schema":{"@context":"https:\/\/schema.org","@graph":[{"@type":"WebPage","@id":"https:\/\/kronos-art.com\/bcn\/edition-2022\/","url":"https:\/\/kronos-art.com\/bcn\/edition-2022\/","name":"Kronos Art 2022 Festival Internacional de Arte Contempor\u00e1neo y Ben\u00e9fico","isPartOf":{"@id":"https:\/\/kronos-art.com\/bcn\/#website"},"datePublished":"2022-06-21T12:18:53+00:00","dateModified":"2022-07-05T17:16:51+00:00","description":"Kronos Art BCN - Festival Internacional de Arte Contempor\u00e1neo y Ben\u00e9fico de Barcelona. Del 17 al 25 de septiembre de 2022 en Palau Robert","breadcrumb":{"@id":"https:\/\/kronos-art.com\/bcn\/edition-2022\/#breadcrumb"},"inLanguage":"es","potentialAction":[{"@type":"ReadAction","target":["https:\/\/kronos-art.com\/bcn\/edition-2022\/"]}]},{"@type":"BreadcrumbList","@id":"https:\/\/kronos-art.com\/bcn\/edition-2022\/#breadcrumb","itemListElement":[{"@type":"ListItem","position":1,"name":"Home","item":"https:\/\/kronos-art.com\/bcn\/"},{"@type":"ListItem","position":2,"name":"2022"}]},{"@type":"WebSite","@id":"https:\/\/kronos-art.com\/bcn\/#website","url":"https:\/\/kronos-art.com\/bcn\/","name":"Kronos Art","description":"Festival multidisciplinar de arte contempor\u00e1neo","potentialAction":[{"@type":"SearchAction","target":{"@type":"EntryPoint","urlTemplate":"https:\/\/kronos-art.com\/bcn\/?s={search_term_string}"},"query-input":{"@type":"PropertyValueSpecification","valueRequired":true,"valueName":"search_term_string"}}],"inLanguage":"es"}]}},"_links":{"self":[{"href":"https:\/\/kronos-art.com\/bcn\/wp-json\/wp\/v2\/pages\/3784","targetHints":{"allow":["GET"]}}],"collection":[{"href":"https:\/\/kronos-art.com\/bcn\/wp-json\/wp\/v2\/pages"}],"about":[{"href":"https:\/\/kronos-art.com\/bcn\/wp-json\/wp\/v2\/types\/page"}],"author":[{"embeddable":true,"href":"https:\/\/kronos-art.com\/bcn\/wp-json\/wp\/v2\/users\/1"}],"replies":[{"embeddable":true,"href":"https:\/\/kronos-art.com\/bcn\/wp-json\/wp\/v2\/comments?post=3784"}],"version-history":[{"count":5,"href":"https:\/\/kronos-art.com\/bcn\/wp-json\/wp\/v2\/pages\/3784\/revisions"}],"predecessor-version":[{"id":4136,"href":"https:\/\/kronos-art.com\/bcn\/wp-json\/wp\/v2\/pages\/3784\/revisions\/4136"}],"wp:attachment":[{"href":"https:\/\/kronos-art.com\/bcn\/wp-json\/wp\/v2\/media?parent=3784"}],"curies":[{"name":"wp","href":"https:\/\/api.w.org\/{rel}","templated":true}]}}