{"id":520,"date":"2023-08-11T10:56:33","date_gmt":"2023-08-11T10:56:33","guid":{"rendered":"https:\/\/kronos-art.com\/bcn\/edition\/?post_type=artist&#038;p=520"},"modified":"2023-08-11T10:59:49","modified_gmt":"2023-08-11T10:59:49","slug":"workshop-aktivitat-bcn","status":"publish","type":"artist","link":"https:\/\/kronos-art.com\/bcn\/edition\/artist\/workshop-aktivitat-bcn\/","title":{"rendered":"TALLER DE FOTOGRAF\u00cdA INSTANT\u00c1NEA"},"content":{"rendered":"<p>WORKSHOP &#8211; AKTIVIT\u00c4T BCN<\/p>\n<p>TALLER DE FOTOGRAF\u00cdA INSTANT\u00c1NEA<br \/>\nKIDS \/ 8 a 12 a\u00f1os \u00b7<br \/>\n&#8211; Domingo 26 Noviembre \/ 12:30 h<\/p>\n<p>&nbsp;<\/p>\n<p><img loading=\"lazy\" decoding=\"async\" class=\"alignnone size-medium wp-image-521\" src=\"https:\/\/kronos-art.com\/bcn\/edition\/wp-content\/uploads\/2023\/08\/LH-taller2-300x150.jpg\" alt=\"\" width=\"300\" height=\"150\" srcset=\"https:\/\/kronos-art.com\/bcn\/edition\/wp-content\/uploads\/2023\/08\/LH-taller2-300x150.jpg 300w, https:\/\/kronos-art.com\/bcn\/edition\/wp-content\/uploads\/2023\/08\/LH-taller2-1024x512.jpg 1024w, https:\/\/kronos-art.com\/bcn\/edition\/wp-content\/uploads\/2023\/08\/LH-taller2-768x384.jpg 768w, https:\/\/kronos-art.com\/bcn\/edition\/wp-content\/uploads\/2023\/08\/LH-taller2-1536x768.jpg 1536w, https:\/\/kronos-art.com\/bcn\/edition\/wp-content\/uploads\/2023\/08\/LH-taller2-2048x1024.jpg 2048w\" sizes=\"(max-width: 300px) 100vw, 300px\" \/><\/p>\n","protected":false},"featured_media":522,"template":"","artist_tag":[23],"artist_category":[8],"venue":[12],"edition":[26],"class_list":["post-520","artist","type-artist","status-publish","has-post-thumbnail","hentry","artist_tag-workshop","artist_category-future","venue-can-trinxet","edition-26"],"_links":{"self":[{"href":"https:\/\/kronos-art.com\/bcn\/edition\/wp-json\/wp\/v2\/artist\/520","targetHints":{"allow":["GET"]}}],"collection":[{"href":"https:\/\/kronos-art.com\/bcn\/edition\/wp-json\/wp\/v2\/artist"}],"about":[{"href":"https:\/\/kronos-art.com\/bcn\/edition\/wp-json\/wp\/v2\/types\/artist"}],"wp:featuredmedia":[{"embeddable":true,"href":"https:\/\/kronos-art.com\/bcn\/edition\/wp-json\/wp\/v2\/media\/522"}],"wp:attachment":[{"href":"https:\/\/kronos-art.com\/bcn\/edition\/wp-json\/wp\/v2\/media?parent=520"}],"wp:term":[{"taxonomy":"artist_tag","embeddable":true,"href":"https:\/\/kronos-art.com\/bcn\/edition\/wp-json\/wp\/v2\/artist_tag?post=520"},{"taxonomy":"artist_category","embeddable":true,"href":"https:\/\/kronos-art.com\/bcn\/edition\/wp-json\/wp\/v2\/artist_category?post=520"},{"taxonomy":"venue","embeddable":true,"href":"https:\/\/kronos-art.com\/bcn\/edition\/wp-json\/wp\/v2\/venue?post=520"},{"taxonomy":"edition","embeddable":true,"href":"https:\/\/kronos-art.com\/bcn\/edition\/wp-json\/wp\/v2\/edition?post=520"}],"curies":[{"name":"wp","href":"https:\/\/api.w.org\/{rel}","templated":true}]}}

TALLER DE FOTOGRAFÍA INSTANTÁNEA

<p>WORKSHOP &#8211; AKTIVITÄT BCN</p>
<p>TALLER DE FOTOGRAFÍA INSTANTÁNEA<br />
KIDS / 8 a 12 años ·<br />
&#8211; Domingo 26 Noviembre / 12:30 h</p>
<p>&nbsp;</p>
<p><img loading="lazy" decoding="async" class="alignnone size-medium wp-image-521" src="https://kronos-art.com/bcn/edition/wp-content/uploads/2023/08/LH-taller2-300x150.jpg" alt="" width="300" height="150" srcset="https://kronos-art.com/bcn/edition/wp-content/uploads/2023/08/LH-taller2-300x150.jpg 300w, https://kronos-art.com/bcn/edition/wp-content/uploads/2023/08/LH-taller2-1024x512.jpg 1024w, https://kronos-art.com/bcn/edition/wp-content/uploads/2023/08/LH-taller2-768x384.jpg 768w, https://kronos-art.com/bcn/edition/wp-content/uploads/2023/08/LH-taller2-1536x768.jpg 1536w, https://kronos-art.com/bcn/edition/wp-content/uploads/2023/08/LH-taller2-2048x1024.jpg 2048w" sizes="(max-width: 300px) 100vw, 300px" /></p>
